20331
Convert 14027625 (base 8) to base 2.
1100000010111110010101
Convert -1313244 (base 5) to base 15.
-7ad4
7066 (base 10) to base 4
1232122
2b859 (base 14) to base 7
631542
4052165 (base 7) to base 10
483383
Convert -1100001100101000 (base 2) to base 4.
-30030220
Convert 1a5513 (base 12) to base 7.
3646224
-5ef2 (base 16) to base 2
-101111011110010
Convert 3734303 (base 9) to base 15.
2a1976
-116975 (base 10) to base 3
-12221110102
What is 151512 (base 10) in base 16?
24fd8
-13215166 (base 8) to base 9
-5504646
Convert 13603 (base 12) to base 9.
40663
Convert 188961 (base 11) to base 6.
10114303
What is 120504525 (base 6) in base 13?
61a699
What is 3200511 (base 7) in base 12?
167a26
Convert -37780 (base 16) to base 15.
-474ba
Convert -947989 (base 14) to base 11.
-2915a79
Convert 3ba3d1 (base 14) to base 3.
10212212122001
What is 12020004201 (base 5) in base 3?
222000120101012
-15a8443 (base 11) to base 9
-5126807
3a879 (base 14) to base 11
9950a
Convert 2200001121021 (base 3) to base 16.
15a468
What is -229955 (base 14) in base 16?
-11fd87
What is 4343630 (base 8) in base 10?
1165208
What is -b519 (base 12) in base 15?
-5cb9
114034523 (base 6) to base 7
24166332
Convert -15b799 (base 12) to base 10.
-372645
-21414320 (base 7) to base 16
-1c0379
861ff3 (base 16) to base 4
201201333303
Convert -55922a7 (base 11) to base 16.
-9580da
Convert -111002200120200 (base 3) to base 14.
-cd3084
74103 (base 11) to base 12
52567
What is -391926 (base 12) in base 5?
-214424144
Convert 15292053 (base 10) to base 3.
1001202220202100
What is -1242422342 (base 5) in base 9?
-5732652
Convert 137667 (base 11) to base 6.
4335442
108212 (base 13) to base 11
246479
Convert 341330402 (base 6) to base 10.
6232610
What is -16631463 (base 8) in base 10?
-3879731
Convert -2217871 (base 9) to base 13.
-32a238
Convert -5120367 (base 10) to base 6.
-301425223
Convert 210642 (base 7) to base 15.
ab79
What is 380db (base 15) in base 2?
101011101110001001
Convert 101112 (base 6) to base 7.
32300
What is -1477323 (base 9) in base 7?
-6650361
-706090 (base 14) to base 16
-39b2ee
Convert -5865567 (base 10) to base 6.
-325415223
What is c2618 (base 15) in base 8?
2262307
130801 (base 10) to base 14
3594d
Convert -320013110030 (base 4) to base 9.
-30610325
Convert -75647a (base 11) to base 16.
-12731f
21020102120 (base 3) to base 4
202302003
What is 65768 (base 10) in base 8?
200350
Convert 20202232 (base 4) to base 12.
182ba
10101011101101100010 (base 2) to base 7
5656345
-40424002 (base 6) to base 13
-31552a
Convert -25447402 (base 8) to base 3.
-101122101000102
432103440 (base 5) to base 4
12333031001
16506631 (base 8) to base 7
44421400
-10331511 (base 6) to base 7
-2420443
What is -1934a92 (base 11) in base 6?
-154042110
297a606 (base 12) to base 15
b06623
-1142010 (base 6) to base 11
-41135
-2586760 (base 9) to base 2
-101011001100110111010
31bd6 (base 15) to base 11
a871a
-1010111010011100 (base 2) to base 4
-22322130
What is -3403143124 (base 5) in base 11?
-4245a13
What is -3d545 (base 15) in base 13?
-6b843
What is -d2cc (base 16) in base 8?
-151314
Convert 21000221222 (base 3) to base 5.
13412412
What is 101523340 (base 6) in base 10?
1768524
What is 101033213 (base 4) in base 6?
1302555
What is -20ba59 (base 13) in base 4?
-2323220011
-11100101101011110 (base 2) to base 8
-345536
Convert -341670 (base 11) to base 7.
-4423400
4434445 (base 8) to base 7
13102600
Convert 74a89 (base 11) to base 7.
633062
Convert 200112232010 (base 4) to base 3.
120221220122212
Convert 3111041 (base 5) to base 16.
c653
Convert 101011011111011110011 (base 2) to base 9.
2611827
What is -11133130202 (base 4) in base 16?
-15f722
-1334403001 (base 5) to base 14
-655a35
-10334351 (base 6) to base 14
-80431
Convert 44c18 (base 14) to base 2.
101000110001100110
What is 6616d (base 16) in base 6?
12543525
-214a8d (base 14) to base 7
-12403036
-31322313122 (base 4) to base 5
-1413231421
What is -56139 (base 16) in base 8?
-1260471
What is -10231003 (base 4) in base 12?
-b197
What is -20167347 (base 9) in base 7?
-145122445
Convert 2150302 (base 6) to base 4.
122102132
-553505 (base 6) to base 8
-132161
Convert 594a754 (base 11) to base 12.
3586b78
-21003022 (base 4) to base 2
-1001000011001010
What is -426c1c (base 13) in base 5?
-344320104
Convert -12414 (base 11) to base 7.
-102621
What is 1177a8 (base 11) in base 8?
553166
-20708a (base 11) to base 15
-68362
Convert 1351103 (base 7) to base 11.
113654
What is 273a1 (base 13) in base 4?
101312303
Convert -6275d1 (base 15) to base 8.
-21671316
What is 54e20 (base 15) in base 4?
1001313231
-101210201021 (base 3) to base 5
-23301114
Convert -105340a (base 12) to base 11.
-1824711
Convert -418233 (base 10) to base 4.
-1212012321
-24197 (base 15) to base 13
-40522
Convert -3233323122 (base 4) to base 8.
-3577332
What is -21020210011111 (base 3) in base 15?
-511c2a
Convert -235519 (base 10) to base 16.
-397ff
What is -12131040 (base 6) in base 2?
-1011110000010000000
What is -116bbbd (base 14) in base 16?
-7f1c7b
-20121331 (base 4) to base 16
-867d
-33650 (base 12) to base 6
-1244140
-132445414 (base 6) to base 14
-4cdba2
-111111010010011100000 (base 2) to base 13
-577c1c
What is -6444447 (base 9) in base 12?
-11a7081
Convert -7b7b84 (base 14) to base 16.
-4038b8
What is 12e228 (base 15) in base 7?
10502201
Convert 208080 (base 10) to base 14.
55b8c
What is 448207 (base 10) in base 5?
103320312
Convert 1040403323 (base 5) to base 15.
30020d
Convert 1404255 (base 8) to base 15.
7c277
What is 124404 (base 9) in base 12?
37787
-2397945 (base 12) to base 14
-cc148d
What is 15640c0 (base 13) in base 12?
236bb94
What is -1100111010000001110 (base 2) in base 11?
-269829
What is -115440504 (base 7) in base 15?
-984380
Convert 341773 (base 13) to base 7.
13316443
Convert -759db (base 15) to base 8.
-1331351
-16464a (base 15) to base 10
-1078045
-410210203 (base 5) to base 14
-30c5c5
What is 12110002002 (base 3) in base 11?
73612
1b44e5 (base 16) to base 2
110110100010011100101
2c31a8 (base 13) to base 12
4480a0
-165143 (base 8) to base 13
-21408
What is 2031085 (base 12) in base 5?
3021123010
What is 2afc56 (base 16) in base 14?
534902
Convert -448778 (base 10) to base 6.
-13341402
cb2b (base 15) to base 14
11968
What is 18095b (base 13) in base 14?
119238
Convert -412443301 (base 5) to base 16.
-19bf1e
220012222000 (base 3) to base 7
4023624
What is eac4d6 (base 15) in base 5?
10330212401
Convert 1003011120 (base 4) to base 3.
111221220220
Convert 11201210020010 (base 3) to base 2.
1001100110000100001111
41732a3 (base 11) to base 2
11100000011011100010010
15b589 (base 13) to base 16
83a57
What is 110011101111001011 (base 2) in base 10?
211915
What is 311525132 (base 6) in base 14?
a0ac12
What is 19beb6 (base 15) in base 6?
42524130
What is 465071 (base 8) in base 12?
77709
Convert 2071c (base 16) to base 4.
200130130
Convert 1087258 (base 9) to base 2.
10001111110110111111
201102112 (base 3) to base 15
42e2
2741666 (base 8) to base 16
bc3b6
What is 357590 (base 10) in base 15?
70e45
Convert 2ab663 (base 12) to base 4.
2300333223
1141688 (base 9) to base 7
5152556
Convert 284065a (base 11) to base 10.
4890885
2111032102 (base 4) to base 3
1011001102201
Convert 1374265 (base 8) to base 16.
5f8b5
-412400220 (base 5) to base 8
-6331723
-2402bb1 (base 13) to base 14
-16a192b
Convert -20155 (base 7) to base 12.
-29b7
What is -44525055 (base 6) in base 3?
-2112112102022
What is -3523213 (base 7) in base 10?
-442921
What is -2210111010 (base 4) in base 16?
-a4544
Convert -548761 (base 16) to base 3.
-101102110000101
4077528 (base 9) to base 7
24335411
What is 597629 (base 12) in base 16?
1607c1
-532a (base 11) to base 6
-52350
What is 5651155 (base 9) in base 10?
3045164
-1b3564c (base 14) to base 7
-223251425
-645646 (base 7) to base 13
-3c280
-1101002303 (base 4) to base 10
-331955
21616101 (base 7) to base 16
1c8906
What is -166b27 (base 14) in base 6?
-24511223
What is -100210143 (base 6) in base 13?
-475281
What is 103221011 (base 5) in base 14?
b8311
What is 261155460 (base 7) in base 13?
359b6b9
-651405 (base 8) to base 13
-78217
What is -22e9 (base 16) in base 13?
-40b6
What is 20583 (base 9) in base 2?
11010100100010
Convert 2011212212 (base 3) to base